e s*j - j = z. Is j prime?
False
Let x(q) = q**3 + 2 - 26*q - 12*q**2 - 15*q**2 - 11 + 6*q**2. Let s be x(22). Let y = 322 - s. Is y composite?
False
Let g(h) = 5*h**2 - 74*h - 2. Suppose 0 = -a - 4*q + 19, -22 = -a - 16*q + 15*q. Is g(a) composite?
False
Suppose 5*l - 90888 = -3*t, 3*t + 51*l = 47*l + 90891. Is t a composite number?
True
Let w(u) = -u**3 - 17*u**2 + 22*u + 9. Let o be w(-16). Let z = o - -2140. Is z a composite number?
True
Let s be (-1552)/(-6) - (-390)/117. Let k = 105 + -176. Let f = k + s. Is f a prime number?
True
Let c = 19293 - 654. Let s = -13000 + c. Is s a prime number?
True
Suppose -4*f + 8*f = 144. Suppose f*c + 5 = 41*c. Is c*((-4)/22 + 4908/11) prime?
False
Suppose 28*f - 6*f - 127930 = 0. Is f composite?
True
Suppose 12*h - 1398 - 7194 = 0. Suppose -5*v = -709 - h. Let i = v - -46. Is i a composite number?
False
Let l(d) = 17*d**2 - 7*d + 5. Let z be l(-5). Let n(m) = 10*m**2 - 2*m + 8. Let s be n(-4). Let j = s + z. Is j a prime number?
True
Let i(z) = -3*z - 5. Let v be i(-4). Suppose -3*l = o - 39745, -6*o = 5*l - 11*o - 66215. Suppose -v*d + 3812 = -l. Is d composite?
False
Let g = -48 + 96. Let j be (g/(-20)*-13)/((-3)/(-450)). Suppose -w + j = 1337. Is w prime?
True
Let z = 31 + -29. Suppose -z*r + 3*n = -n - 12, 2*n + 12 = 2*r. Suppose -5*w = -r*w + 573. Is w a prime number?
False
Suppose -g + 76*g = 7699425. Is g composite?
True
Let o(z) = -603*z + 628. Is o(-5) composite?
False
Suppose 276*v - 559*v = -299*v + 1435952. Is v a composite number?
True
Let s(g) = 76*g**3 - 5*g**2 - 2*g + 2. Let z be s(-5). Let v = z - -15074. Is v prime?
False
Let g be 5/(-4) - 295906/(-104). Let u = -1687 + g. Is u composite?
True
Let q(g) = g**2 - 2*g - 1. Let r be q(2). Let n(f) = -2*f**3 - f**2 - 3*f - 2. Let a be n(r). Suppose 2*z - 5*x - 2646 = -z, 2*z = -a*x + 1748. Is z prime?
True
Let f be (-204)/(-8)*20/(-15). Let i = f - -38. Suppose -5*j = -4*t - 167, t + 0*t - 121 = -i*j. Is j prime?
True
Let d = -63 + 84. Let u be 2/(-7) - (-48)/d. Let i(a) = 152*a + 3. Is i(u) a prime number?
True
Let d(m) = -m**2 + 12*m + 25. Let f be d(17). Let q = -63 - f. Is ((-2)/q)/((-62)/(-79143)) a prime number?
False
Let l = 1579 + 1714. Suppose 56273 = 2*n + h + l, 3*h + 6 = 0. Is n a prime number?
False
Let h(s) be the third derivative of -13*s**4/2 - 41*s**3/3 + 29*s**2. Let f(k) = -234*k - 123. Let y(p) = -5*f(p) + 7*h(p). Is y(4) prime?
True
Let y = -87219 + 190628. Is y composite?
False
Let h be 5*((-206)/10)/(-1). Let g be (4/18)/((-2)/(-18)). Suppose g*v + 5*u - 194 = 0, h + 91 = 2*v + 4*u. Is v composite?
False
Is (21/(-42))/(1 + (-4237635)/4237630) a composite number?
False
Let k(v) = -1302*v**3 - 21*v**2 + 33*v + 209. Is k(-6) a prime number?
True
Suppose 3*v = -2*g + 13, 3*v = -2*v - g + 24. Suppose -4*r - 1315 = -v*r. Suppose 0*l - r = -5*l. Is l a prime number?
True
Suppose 118*b = 86*b + 2410976. Is b prime?
False
Let m be (-5 + 10)*(-24)/(-20). Let y = m - 4. Suppose 0 = 5*j - y*k - 901, 4*j - 3*j = -5*k + 164. Is j composite?
False
Let n = -5543 + -6127. Let f be 3/((35019/n)/(-1) + -3). Suppose -1300 = -10*d + f. Is d a composite number?
True
Suppose -2*b = 2*d - 7*d - 29, -2*d + 3*b = 16. Let c = 36 + -32. Is (c/d)/((-14)/4795) composite?
True
Suppose -48*u - 31*u = -2514965. Is u a prime number?
False
Let b(x) = x**3 - 9*x**2 - 4*x + 5. Let k be b(10). Let g be 96 + -3 + 0/4. Let u = k + g. Is u composite?
True
Suppose -3*y = p - 5*y - 1171, -y = 5*p - 5899. Is (-6 - p)*2/12*-2 a composite number?
True
Let p = 225 - -865. Let a be p/(5/(-10)*-2). Suppose -14*h + a = -4*h. Is h composite?
False
Let t(o) = -702*o + 73. Let l = 702 + -727. Is t(l) a composite number?
False
Let m = -94 - -86. Let u(k) = -40*k + 17. Is u(m) a composite number?
False
Is 4*(5 + ((-9)/(-81) - (-3584185)/180)) prime?
True
Is ((-968)/(-72) - 13) + 1582673/9 prime?
True
Let w(s) = -6*s + 33. Let k be w(4). Is 936/10 - k/15 a prime number?
False
Let n(g) = -4379*g**3 - 12*g**2 + 2*g + 8. Is n(-3) prime?
True
Let l(d) = 2*d**2 - d + 3. Let p be l(3). Suppose -6*y - 68*t + 63*t = -359, -2*y + 122 = 2*t. Is 12/y - (-42494)/p prime?
False
Let i = 421 - 422. Is ((-1 + -861)*273/42)/i a prime number?
False
Let p(j) = -3*j**2 + 2*j - 14*j + 9*j - 46*j**2. Let c be p(-2). Let w = 273 + c. Is w a composite number?
False
Let i(f) = -117*f - 160. Suppose 3*n + 18 = -v, 23*v - 21*v + 63 = 3*n. Is i(v) prime?
True
Suppose -3 = 3*i - 6. Suppose -s + i + 4 = 0. Suppose 4*x - 2560 = -4*b, s*x + 533 = -2*b + 1810. Is b prime?
True
Let k be (9/12)/((-3)/(-2))*4. Let t be 1 - (k - (3 - 0)). Suppose 2*p = -t*q + 27 + 45, 0 = -5*q - 2*p + 174. Is q composite?
True
Let q(r) = -955*r**3 + 51*r**2 - 70*r - 47. Let b(d) = 191*d**3 - 10*d**2 + 14*d + 9. Let g(f) = 11*b(f) + 2*q(f). Is g(4) a prime number?
True
Let m(q) = -5 + 0 + 2 + 2 - 41*q - 428*q. Is m(-6) prime?
False
Suppose -4*s = k - 18, s + 0*k + k = 6. Is (-1)/s - (-385424)/64 composite?
True
Suppose -64*o + 12 = -60*o. Suppose 0 = 2*p - 2*k - 5860, 4*p + o*k + 0*k = 11699. Is p prime?
True
Let v(u) = 1163*u + 48. Let o be ((-1)/(-2))/((-108)/(-2376)). Is v(o) composite?
False
Let k = -618 + 620. Let h(m) = 1022*m**3 - 4*m**2 + 7*m - 3. Is h(k) prime?
True
Let h = 346 + 1811. Is h a composite number?
True
Let h be (-21998)/(-12) + 20/(-120). Let n = 9220 + h. Is n composite?
True
Let t = 52460 + 32397. Is t composite?
False
Let y(i) = 90*i**2 + 7*i - 3. Let k(q) = -2*q**2 - 18*q - 44. Let n be k(-3). Is y(n) a composite number?
False
Suppose 4*f + 13293 = 4*v - 216027, 0 = 2*v + f - 114657. Is v a composite number?
False
Let z(c) = -6*c**2 - 3*c - 8. Let r be z(-2). Let y = -22 - r. Suppose 0 = -y*v + 8, 5*v - 6 - 766 = -3*g. Is g prime?
False
Let k(b) = 2524*b + 3. Let z(c) = 5047*c + 6. Let d(m) = -7*k(m) + 3*z(m). Let o be d(-1). Suppose -q - o = -5*q. Is q prime?
True
Let w(o) = 10*o**3 + 2*o**2 - o + 3. Let s be w(7). Let k = s - -4728. Let g = k - 5089. Is g a prime number?
True
Suppose 0 = t - 5*c + 17, -14*t + 3*c = -18*t - 22. Let k = -1489 + 2142. Is 2/(-7) - k/t prime?
False
Is (-1)/(12/(-4535288)*(-12)/18*-1) a prime number?
True
Suppose 185*u = 182*u + 123717. Suppose u = 7*q + 4*q. Is q composite?
True
Let a be 0 + -3 - -4 - -1. Let t(x) = 22*x**a + 1 - x + 30*x**2 + 79*x**2 - 4*x**2. Is t(3) a composite number?
True
Let o = 119436 + -79465. Is o composite?
False
Suppose -5*u + x + 886279 = 0, -u + 177263 = -18*x + 19*x. Is u a composite number?
False
Let l be (-3*(-1 - 0))/((-3)/(-6)). Suppose -2*s - l = s. Is ((-1)/(4/s))/((-1)/(-428)) composite?
True
Let i be 0*(0 + 1) - (6 - 8). Suppose -2*p - 17 = -p. Is (3 - p)/(i/69) - -1 composite?
False
Let b(i) = 145*i**2 - 169*i + 249. Is b(14) composite?
True
Let p = -38587 - -102738. Is p prime?
True
Let j be (-9)/11 - 140/770. Is ((-6)/(-15))/j - 2307189/(-85) prime?
True
Let l = 3116 - 409. Is l composite?
False
Let d(c) = 126*c**3 - 13*c**2 - 5*c - 15. Let a be d(8). Suppose 3*r = 2*v + 47723, 5*v = -4*r + 2*v + a. Is r prime?
True
Let x be (-729)/12 + (-2)/8. Let i = x + 442. Is i a composite number?
True
Let n(d) = -2426*d**3 - d**2 - 1. Let q be n(-1). Let f be (-111826)/91 + 1/(-7). Let w = f + q. Is w prime?
False
Suppose -2*r = -5*m - 7709, -2*r + 5*m - 3*m = -7724. Let j = -2230 + r. Is j a prime number?
True
Suppose 0 = -s - 4*s + 20. Suppose 2*z - s*m = 2066, 0*m + 3*m - 1033 = -z. Let u = z - 360. Is u composite?
False
Suppose 309 = -4*s + 3*u - 158, -15 = 5*u. Is (-1)/7 + (-30243)/s a composite number?
True
Is (143/110)/(-13) + (-85482993)/(-30) a prime number?
False
Is (2290902/(-15))/(-5 + (-253)/(-55)) prime?
True
Let k(b) be the first derivative of 506*b**2 - 22*b + 15. Let s be k(-4). Let q = s - -6171. Is q a prime number?
False
Suppose -4*v = -4*l - 3742948, 10 - 4 = 2*l. Suppose 32*b = v + 231204. Is b a prime number?
True
Let i(a) = -a**3 - 17*a**2 + 2*a + 12. Let d be i(-17). Let z be ((-121)/d)/(1/2). Suppose 2902 = -9*f + z*f. Is f a prime number?
True
Let l(q) = -14*q - 2. Let i be l(-1). Suppose w - t + 3*t + i = 0, -3*w = -5*t - 19. Is w/(-5) + (-5)/(100/(-1372)) prime?
False
Let z = 15 - 0. Suppose 28*s = 23*s + z. Suppose -2629 + 580 = -s*d. Is d composite?
False
Let t(c) = 12*c**2 - 2*c + 2. Let o be t(1). Supp